186 = -135*o + 138*o. What is the remainder when o is divided by 33?
29
Let q(y) = -y + 52. Let x be q(0). Suppose x + 26 = 2*j. Calculate the remainder when 76 is divided by j.
37
Suppose 4*q = 7 + 9. Let f = q + 9. What is the remainder when f is divided by 8?
5
Calculate the remainder when ((-636)/530)/((-3)/((-495)/(-2))) is divided by 48.
3
Let b(t) = t**3 - t**2 - 5*t + 3. What is the remainder when 227 is divided by b(3)?
5
Let l be 3/((-3 + 0)/(-3)). Suppose -5*v = 3*z - 6*z - 123, -v = l*z - 39. Suppose 3*n = 7*n - 56. Calculate the remainder when v is divided by n.
13
Suppose 34 = -c + 90. Suppose -2*j + 61 - 2 = 5*y, c = 2*j + 4*y. Suppose -b - 4*t + 17 = 0, -4*b + t = b - j. Calculate the remainder when b is divided by 5.
0
Suppose -5*w + 24 = -4*j, j + 19 = -2*j + 4*w. Let u be (-266)/(-8) - j/(-4). Suppose 5*v - 17 = u. Calculate the remainder when v is divided by 6.
4
Let q(t) = 3*t + 47. Suppose -3*g = 11 - 2, 5*g = l - 1. Calculate the remainder when 22 is divided by q(l).
2
Let j(y) = y**2 + 22*y + 125. What is the remainder when j(-19) is divided by 35?
33
Let m(f) = -f**2 - 24*f - 96. What is the remainder when m(-15) is divided by 30/(-8)*(-8)/3?
9
Calculate the remainder when 390/2 + (-8*3)/6 is divided by 25.
16
Let x = 34 + -31. Suppose -x*l + 13 = -2*l. Calculate the remainder when 25 is divided by l.
12
Suppose -2*b - 288 = -4*b. Suppose -4*v + b = -v. What is the remainder when v is divided by (-2 + 1)/(5/((-595)/7))?
14
Suppose 3*j - 4*f - 1697 = 0, 3*j + 3*f - 1652 = -2*f. Calculate the remainder when j is divided by 140.
139
Suppose -11*t = -6*t - 560. Calculate the remainder when t is divided by 31.
19
Suppose 2*w - 18 = 2. What is the remainder when 7 is divided by w/3*12/8?
2
Let p(d) = -15*d - 495. Suppose -34 = -u - a - a, -5*a - 20 = 0. What is the remainder when p(-41) is divided by u?
36
Let x = -7 - -10. Suppose 0 = -2*b - x*b + 290. Suppose 108 = 5*i + 8. Calculate the remainder when b is divided by i.
18
Let c(s) be the second derivative of s**4/4 - s**3/3 - 5*s**2/2 - 45*s. What is the remainder when 78 is divided by c(-3)?
22
Suppose 0 = -3*p + 6, 225 = 8*v - 5*v + 3*p. Calculate the remainder when v is divided by 51.
22
Suppose 7*r = 113 + 34. Calculate the remainder when 163 is divided by r.
16
Let k = -3468 - -3477. What is the remainder when (-864)/(-14) - 4/(-14) is divided by k?
8
Let o = -2163 - -2282. Let h(k) = 6 - 4*k - k**3 + 9*k**2 + k - 2*k. Calculate the remainder when o is divided by h(8).
29
Let h(o) = -2*o**2 - 35*o + 22. What is the remainder when 11 is divided by h(-18)?
3
Let r = 15 + -12. Suppose 0 = s + r*w - 51, 3 = w + 2. What is the remainder when s is divided by 13?
9
Suppose c + 3*c - 116 = 0. Suppose 2407 = -7*k + 36*k. Calculate the remainder when k is divided by c.
25
Suppose -10*j + 14 + 26 = 0. Suppose -j*k - 84 = -3*h - 7, -82 = -3*h + 5*k. What is the remainder when h is divided by 9?
1
Suppose 32*u = 38*u + 174. Calculate the remainder when (u/(-3) + -4)*21 is divided by 40.
39
Let z = 38 + -131. Let n = z + 133. Suppose -5*s + 4*y + 39 = 0, 3*s - 8*s + n = -5*y. What is the remainder when 20 is divided by s?
6
Let f = 15 + -5. Let d = -10 + f. Suppose d = -4*z - 21 + 93. Calculate the remainder when 33 is divided by z.
15
Let r(a) = 26*a + 16. Let y be r(-3). What is the remainder when (-3 - y/4)*(-12)/(-10) is divided by (-43)/(-5) + (-10)/(-25)?
6
Let s = -238 + 266. Calculate the remainder when s is divided by 27.
1
Let d = -8 + 13. Suppose 3*w - d*w = -18. Suppose -28*k = -49*k + 525. Calculate the remainder when k is divided by w.
7
Suppose 5*f - 4*c = 100, 8*f = 3*f + 3*c + 95. Calculate the remainder when f is divided by 14.
2
Let n(w) = 11*w + 16. Let q(v) = v**2 - 1. Let b be q(2). Calculate the remainder when n(b) is divided by 13.
10
Suppose 8 = 3*v - 2*v. Let f(g) = 37*g - 1. Let j be f(2). Suppose -247 = -6*n - j. What is the remainder when n is divided by v?
5
Let m(p) = 10*p + 166. What is the remainder when 220 is divided by m(-12)?
36
Let w = -166 + 285. Let c = -64 + w. Calculate the remainder when c is divided by 8.
7
Let y(r) = 20*r**2 - 1. Let d be (3 + -2*3)/(-1). Suppose o - 178 = -5*a, a = -d*a + 5*o + 125. What is the remainder when a is divided by y(1)?
16
Suppose 0 = -5*c - 5 + 170. Calculate the remainder when c is divided by 14.
5
Suppose -11*t + 12*t - 3 = 0. Suppose -5*u + 176 = -t*d, -10 = 3*u - d - 114. What is the remainder when u is divided by 4?
2
Let j = -65 + 65. Calculate the remainder when 138 is divided by 520/15 - (-1 - j)/3.
33
Suppose 0 = 29*j + 34*j - 5859. What is the remainder when j is divided by 38?
17
Suppose -l = 4*h + 2*l + 1, 0 = -3*h - 4*l - 6. What is the remainder when ((-24)/10 + 2)*(-15 + 0) is divided by h?
0
Suppose 5*k + 136 = 2*m + 3*k, -5*k = -3*m + 214. Calculate the remainder when m is divided by 17.
12
Suppose 21*x - 2 = 23*x, 2*r + 3*x - 63 = 0. Calculate the remainder when r is divided by 8.
1
Suppose 50 = -6*m + 86. Calculate the remainder when 33 is divided by m.
3
Let n(t) = -46*t**3 - 2*t**2 - 2*t - 1. Let m(b) = b**3 - 18 + 17*b - 8*b**2 + 9*b**2 - 5*b**2 - 12*b**2. What is the remainder when n(-1) is divided by m(15)?
9
Let p(v) = -64*v + 189*v + v**2 + 17 - 68*v - 66*v. Calculate the remainder when p(8) is divided by 19/3 - (-1)/(-3).
3
Let a(s) = -s**2 - 28*s - 47. Calculate the remainder when a(-12) is divided by 19.
12
Let p be (0 + 39)*(-17)/51. Calculate the remainder when 4*(4 - p/4) is divided by 8.
5
Let u(r) = -6*r + 2. Let i be u(7). Let a = 87 + i. Let j(b) = b + 6. What is the remainder when a is divided by j(6)?
11
Let h = 747 + -738. Calculate the remainder when 34 is divided by h.
7
Let p = 8 + -2. Let o be -3 + (8/24)/((-1)/(-36)). Suppose -5*t = -o - p. What is the remainder when 4 is divided by t?
1
Suppose 21*g - 43*g + 1122 = 0. Calculate the remainder when 101 is divided by g.
50
Let x(t) = -t**3 + 14*t**2 - 11*t - 16. Let c be x(13). Let h = 36 + c. What is the remainder when h is divided by 6?
4
Let q be ((-4)/(-5))/(10/(-50)). Let k(r) = r**3 + 6*r**2 + 6*r + 6. Calculate the remainder when 69 is divided by k(q).
13
Suppose 53*p + 1575 = 78*p. What is the remainder when p is divided by 3?
0
Let r = 23 - 1. What is the remainder when 3 + 290/5 + 3 is divided by r?
20
Let c(m) = -m - 23. Let u be c(-20). What is the remainder when 66 is divided by 801/36 + u/(-4)?
20
Let m = 306 + -297. What is the remainder when 47 is divided by m?
2
Suppose -106*k = -128*k + 6578. Calculate the remainder when k is divided by 61.
55
Let j(r) = -32*r**3 - r**2 - 2*r - 1. Calculate the remainder when (-15)/2*(-22)/33 + 113 is divided by j(-1).
22
Let m = -45 + 116. Suppose 0 = -d - 2*t + m, -d - 2*d = 5*t - 208. Suppose 4*n = 5*n - d. Calculate the remainder when n is divided by 32.
29
Suppose g - 27 - 12 = 0. Let u = 66 - g. Calculate the remainder when u is divided by 14.
13
Let p(b) = -b**2 + 7*b + 6. Calculate the remainder when ((-595)/(-20)*24/28)/(18/156) is divided by p(5).
13
Suppose 24 + 61 = 5*a. Let z(u) = -u**2 - 11*u + 3. Let y be z(-5). Suppose c - 11 = -3*v + 14, -v = -c + y. Calculate the remainder when c is divided by a.
14
Suppose 4*v + r = -r - 8, -2*r = -4*v + 8. Suppose -190 = -5*g - 5*w, w + v*w + 196 = 5*g. Calculate the remainder when 75 is divided by g.
36
Let b(r) = 14*r - 2. What is the remainder when b(4) is divided by (-507)/(-27) + (40/45)/4?
16
Suppose 35*s + 52 - 437 = 0. Calculate the remainder when 32 is divided by s.
10
Let b(h) = h**3 + h**2 - h + 1. Let a(u) = -2*u**3 + 10*u**2 - 4*u - 14. Let i(q) = -a(q) - 3*b(q). What is the remainder when i(-14) is divided by 22?
21
Suppose 2*i = -2*v - 3*v + 1021, -2*i = 4. What is the remainder when v is divided by 52?
49
Let f(v) = 41*v - 331. What is the remainder when f(10) is divided by (0 - 3)/((-12)/56)?
9
Let l(j) = 5*j**2 - 5*j - 37. Let n(m) = 14*m**2 - 14*m - 112. Let d(v) = 11*l(v) - 4*n(v). Let f = 11 + 3. Calculate the remainder when d(0) is divided by f.
13
Suppose 0 = -0*m + 4*m. Suppose 4*z - 24 = 4*g, g = 4*z - m*g - 12. What is the remainder when 25 + (-2)/z + -2 is divided by 12?
10
Let u = 83 - 73. Suppose -2*w = -4*c + 20, 3*c - 19 = -2*c + w. Let d = c + u. What is the remainder when 5